{"id":2519,"date":"2021-10-20T13:00:39","date_gmt":"2021-10-20T11:00:39","guid":{"rendered":"https:\/\/radiomedica.pl\/?page_id=2519"},"modified":"2021-10-20T16:46:27","modified_gmt":"2021-10-20T14:46:27","slug":"patrycjusz-stoklosa","status":"publish","type":"page","link":"https:\/\/radiomedica.pl\/ua\/patrycjusz-stoklosa\/","title":{"rendered":"Patrycjusz Stok\u0142osa"},"content":{"rendered":"<div data-elementor-type=\"wp-page\" data-elementor-id=\"2519\" class=\"elementor elementor-2519\" data-elementor-post-type=\"page\">\n\t\t\t\t\t\t<section class=\"elementor-section elementor-top-section elementor-element elementor-element-5d436c5 elementor-section-boxed elementor-section-height-default elementor-section-height-default\" data-id=\"5d436c5\" data-element_type=\"section\">\n\t\t\t\t\t\t<div class=\"elementor-container elementor-column-gap-default\">\n\t\t\t\t\t<div class=\"elementor-column elementor-col-100 elementor-top-column elementor-element elementor-element-1593961\" data-id=\"1593961\" data-element_type=\"column\">\n\t\t\t<div class=\"elementor-widget-wrap elementor-element-populated\">\n\t\t\t\t\t\t<div class=\"elementor-element elementor-element-dab0ebf elementor-widget elementor-widget-image\" data-id=\"dab0ebf\" data-element_type=\"widget\" data-widget_type=\"image.default\">\n\t\t\t\t<div class=\"elementor-widget-container\">\n\t\t\t\t\t\t\t\t\t\t\t\t\t\t\t<img fetchpriority=\"high\" decoding=\"async\" width=\"300\" height=\"300\" src=\"https:\/\/radiomedica.pl\/wp-content\/uploads\/2021\/04\/2131.10-doctor-icon-iconbunny-300x300.jpg\" class=\"attachment-medium size-medium wp-image-445\" alt=\"\" srcset=\"https:\/\/radiomedica.pl\/wp-content\/uploads\/2021\/04\/2131.10-doctor-icon-iconbunny-300x300.jpg 300w, https:\/\/radiomedica.pl\/wp-content\/uploads\/2021\/04\/2131.10-doctor-icon-iconbunny-100x100.jpg 100w, https:\/\/radiomedica.pl\/wp-content\/uploads\/2021\/04\/2131.10-doctor-icon-iconbunny-600x600.jpg 600w, https:\/\/radiomedica.pl\/wp-content\/uploads\/2021\/04\/2131.10-doctor-icon-iconbunny-150x150.jpg 150w, https:\/\/radiomedica.pl\/wp-content\/uploads\/2021\/04\/2131.10-doctor-icon-iconbunny-768x768.jpg 768w, https:\/\/radiomedica.pl\/wp-content\/uploads\/2021\/04\/2131.10-doctor-icon-iconbunny.jpg 1024w\" sizes=\"(max-width: 300px) 100vw, 300px\" \/>\t\t\t\t\t\t\t\t\t\t\t\t\t\t\t<\/div>\n\t\t\t\t<\/div>\n\t\t\t\t\t<\/div>\n\t\t<\/div>\n\t\t\t\t\t<\/div>\n\t\t<\/section>\n\t\t\t\t<section class=\"elementor-section elementor-top-section elementor-element elementor-element-bb5b188 elementor-section-boxed elementor-section-height-default elementor-section-height-default\" data-id=\"bb5b188\" data-element_type=\"section\">\n\t\t\t\t\t\t<div class=\"elementor-container elementor-column-gap-default\">\n\t\t\t\t\t<div class=\"elementor-column elementor-col-100 elementor-top-column elementor-element elementor-element-e93ee04\" data-id=\"e93ee04\" data-element_type=\"column\">\n\t\t\t<div class=\"elementor-widget-wrap elementor-element-populated\">\n\t\t\t\t\t\t<div class=\"elementor-element elementor-element-67c6aab elementor-widget elementor-widget-text-editor\" data-id=\"67c6aab\" data-element_type=\"widget\" data-widget_type=\"text-editor.default\">\n\t\t\t\t<div class=\"elementor-widget-container\">\n\t\t\t\t\t\t\t\t\t<p>Specjalista chor\u00f3b wewn\u0119trznych i kardiologii.<br \/>Absolwent Akademii Medycznej w Warszawie. Posiada wieloletnie do\u015bwiadczenie kliniczne i ambulatoryjne. Obecnie pracuje w Klinice Nabytych Wad Serca w Instytucie Kardiologii w Aninie.<br \/><br \/>Poza konsultacjami specjalistycznymi wykonuje badania echokardiograficzne (Echo serca).<\/p><p>\u00a0<\/p><p style=\"text-align: center;\">Zajmuje si\u0119:<\/p><ul><li style=\"text-align: center;\">Chorobami serca,<\/li><li style=\"text-align: center;\">Nadci\u015bnieniem t\u0119tniczym,<\/li><li style=\"text-align: center;\">Niewydolno\u015bci\u0105 serca,<\/li><li style=\"text-align: center;\">Wadami serca,<\/li><li style=\"text-align: center;\">Chorob\u0105 wie\u0144cow\u0105,<\/li><li style=\"text-align: center;\">Chorobami uk\u0142adu kr\u0105\u017cenia,<\/li><li style=\"text-align: center;\">Zaburzeniami lipidowymi,<\/li><li style=\"text-align: center;\">Zaburzeniami rytmu serca.<\/li><\/ul>\t\t\t\t\t\t\t\t<\/div>\n\t\t\t\t<\/div>\n\t\t\t\t\t<\/div>\n\t\t<\/div>\n\t\t\t\t\t<\/div>\n\t\t<\/section>\n\t\t\t\t<\/div>","protected":false},"excerpt":{"rendered":"<p>Specjalista chor\u00f3b wewn\u0119trznych i kardiologii.Absolwent Akademii Medycznej w Warszawie. Posiada wieloletnie do\u015bwiadczenie kliniczne i ambulatoryjne. Obecnie pracuje w Klinice Nabytych Wad Serca w Instytucie Kardiologii w Aninie. Poza konsultacjami specjalistycznymi wykonuje badania echokardiograficzne (Echo serca). \u00a0 Zajmuje si\u0119: Chorobami serca, Nadci\u015bnieniem t\u0119tniczym, Niewydolno\u015bci\u0105 serca, Wadami serca, Chorob\u0105 wie\u0144cow\u0105, Chorobami uk\u0142adu kr\u0105\u017cenia, Zaburzeniami lipidowymi, Zaburzeniami rytmu [&hellip;]<\/p>","protected":false},"author":5,"featured_media":0,"parent":0,"menu_order":0,"comment_status":"closed","ping_status":"closed","template":"","meta":{"_seopress_robots_primary_cat":"","_seopress_titles_title":"","_seopress_titles_desc":"","_seopress_robots_index":"","inline_featured_image":false,"footnotes":""},"class_list":["post-2519","page","type-page","status-publish","hentry"],"_links":{"self":[{"href":"https:\/\/radiomedica.pl\/ua\/wp-json\/wp\/v2\/pages\/2519","targetHints":{"allow":["GET"]}}],"collection":[{"href":"https:\/\/radiomedica.pl\/ua\/wp-json\/wp\/v2\/pages"}],"about":[{"href":"https:\/\/radiomedica.pl\/ua\/wp-json\/wp\/v2\/types\/page"}],"author":[{"embeddable":true,"href":"https:\/\/radiomedica.pl\/ua\/wp-json\/wp\/v2\/users\/5"}],"replies":[{"embeddable":true,"href":"https:\/\/radiomedica.pl\/ua\/wp-json\/wp\/v2\/comments?post=2519"}],"version-history":[{"count":0,"href":"https:\/\/radiomedica.pl\/ua\/wp-json\/wp\/v2\/pages\/2519\/revisions"}],"wp:attachment":[{"href":"https:\/\/radiomedica.pl\/ua\/wp-json\/wp\/v2\/media?parent=2519"}],"curies":[{"name":"wp","href":"https:\/\/api.w.org\/{rel}","templated":true}]}}

Patrycjusz Stokłosa

<div data-elementor-type="wp-page" data-elementor-id="2519" class="elementor elementor-2519" data-elementor-post-type="page">
						<section class="elementor-section elementor-top-section elementor-element elementor-element-5d436c5 elementor-section-boxed elementor-section-height-default elementor-section-height-default" data-id="5d436c5" data-element_type="section">
						<div class="elementor-container elementor-column-gap-default">
					<div class="elementor-column elementor-col-100 elementor-top-column elementor-element elementor-element-1593961" data-id="1593961" data-element_type="column">
			<div class="elementor-widget-wrap elementor-element-populated">
						<div class="elementor-element elementor-element-dab0ebf elementor-widget elementor-widget-image" data-id="dab0ebf" data-element_type="widget" data-widget_type="image.default">
				<div class="elementor-widget-container">
															<img fetchpriority="high" decoding="async" width="300" height="300" src="https://radiomedica.pl/wp-content/uploads/2021/04/2131.10-doctor-icon-iconbunny-300x300.jpg" class="attachment-medium size-medium wp-image-445" alt="" srcset="https://radiomedica.pl/wp-content/uploads/2021/04/2131.10-doctor-icon-iconbunny-300x300.jpg 300w, https://radiomedica.pl/wp-content/uploads/2021/04/2131.10-doctor-icon-iconbunny-100x100.jpg 100w, https://radiomedica.pl/wp-content/uploads/2021/04/2131.10-doctor-icon-iconbunny-600x600.jpg 600w, https://radiomedica.pl/wp-content/uploads/2021/04/2131.10-doctor-icon-iconbunny-150x150.jpg 150w, https://radiomedica.pl/wp-content/uploads/2021/04/2131.10-doctor-icon-iconbunny-768x768.jpg 768w, https://radiomedica.pl/wp-content/uploads/2021/04/2131.10-doctor-icon-iconbunny.jpg 1024w" sizes="(max-width: 300px) 100vw, 300px" />															</div>
				</div>
					</div>
		</div>
					</div>
		</section>
				<section class="elementor-section elementor-top-section elementor-element elementor-element-bb5b188 elementor-section-boxed elementor-section-height-default elementor-section-height-default" data-id="bb5b188" data-element_type="section">
						<div class="elementor-container elementor-column-gap-default">
					<div class="elementor-column elementor-col-100 elementor-top-column elementor-element elementor-element-e93ee04" data-id="e93ee04" data-element_type="column">
			<div class="elementor-widget-wrap elementor-element-populated">
						<div class="elementor-element elementor-element-67c6aab elementor-widget elementor-widget-text-editor" data-id="67c6aab" data-element_type="widget" data-widget_type="text-editor.default">
				<div class="elementor-widget-container">
									<p>Specjalista chorób wewnętrznych i kardiologii.<br />Absolwent Akademii Medycznej w Warszawie. Posiada wieloletnie doświadczenie kliniczne i ambulatoryjne. Obecnie pracuje w Klinice Nabytych Wad Serca w Instytucie Kardiologii w Aninie.<br /><br />Poza konsultacjami specjalistycznymi wykonuje badania echokardiograficzne (Echo serca).</p><p> </p><p style="text-align: center;">Zajmuje się:</p><ul><li style="text-align: center;">Chorobami serca,</li><li style="text-align: center;">Nadciśnieniem tętniczym,</li><li style="text-align: center;">Niewydolnością serca,</li><li style="text-align: center;">Wadami serca,</li><li style="text-align: center;">Chorobą wieńcową,</li><li style="text-align: center;">Chorobami układu krążenia,</li><li style="text-align: center;">Zaburzeniami lipidowymi,</li><li style="text-align: center;">Zaburzeniami rytmu serca.</li></ul>								</div>
				</div>
					</div>
		</div>
					</div>
		</section>
				</div>

<p>Specjalista chorób wewnętrznych i kardiologii.Absolwent Akademii Medycznej w Warszawie. Posiada wieloletnie doświadczenie kliniczne i ambulatoryjne. Obecnie pracuje w Klinice Nabytych Wad Serca w Instytucie Kardiologii w Aninie. Poza konsultacjami specjalistycznymi wykonuje badania echokardiograficzne (Echo serca).   Zajmuje się: Chorobami serca, Nadciśnieniem tętniczym, Niewydolnością serca, Wadami serca, Chorobą wieńcową, Chorobami układu krążenia, Zaburzeniami lipidowymi, Zaburzeniami rytmu [&hellip;]</p>
